.
3, 41
Let s = 175 + -76. List the prime factors of s.
3, 11
Let a(w) = 5*w**3 - 2*w**2 - 2*w + 1. List the prime factors of a(2).
29
Let x = 7 + -5. Suppose 0*k - x*k + 6 = 0. What are the prime factors of k?
3
Let d(y) = -4*y**3 - 4*y**2 + 11. What are the prime factors of d(-4)?
7, 29
Suppose 0 = -5*k + 5 - 0. What are the prime factors of 2 - (-1 - k)/1?
2
Let d(k) = k**3 + 9*k**2 - 4*k - 22. List the prime factors of d(-9).
2, 7
Let g = -146 + 250. List the prime factors of g.
2, 13
Let v(q) = -q - 1. Let j be v(-4). Suppose 2*z - 51 = -j*h, -5*z = -0*z - 15. List the prime factors of h.
3, 5
Suppose -4*m + 2*p = -2*m - 16, -m - 4*p = 12. Suppose -3*x + 2*w + 11 + 5 = 0, 0 = -m*x - 4*w + 28. What are the prime factors of x?
2, 3
Let t(l) = 4*l - 11. Let y(d) = -7*d + 21. Let w(u) = 11*t(u) + 6*y(u). What are the prime factors of w(4)?
13
Let q(f) = -f**3 + 7*f**2 + 12*f - 11. Let y be q(8). List the prime factors of 4/(-14) + 447/y.
3, 7
Let o(b) = -2*b**3 + 3*b**2 - 2*b - 7. Let z be o(-3). Let g = -56 + z. List the prime factors of g.
2, 3
Suppose 4*f = -0*f - 228. List the prime factors of 3*(-2 - f/9).
13
Let d = -9 - -3. Let c be 6*(-3)/d + -1. Suppose 15 = -3*j, -c*f = -4*j - 22 - 10. What are the prime factors of f?
2, 3
Suppose -g + 3*v = -127, -g = -4*g - 4*v + 420. List the prime factors of g.
2, 17
Suppose -4*z + 26 = 5*m + 1, 0 = z + 3*m - 8. Let h = 5 + -2. Suppose 5*j + 2*f - 20 = 0, 0*j + z*f = h*j - 43. What are the prime factors of j?
2, 3
Let u(r) = 4*r - 17. List the prime factors of u(8).
3, 5
Suppose 0 = -3*f - 2*f + 15. Suppose f*t = -t + 12. What are the prime factors of t?
3
Let m = 10 + -6. Suppose m*g - 10 = 2. Suppose -16 = -3*o - 5*i, -12 = -5*o + g*o - 2*i. What are the prime factors of o?
7
List the prime factors of ((-177)/4)/(102/(-272)).
2, 59
Let h(u) be the first derivative of -u**4/4 + 2*u**3 - u**2 + u + 1. List the prime factors of h(5).
2
Let r = -14 - -18. What are the prime factors of 51/r - 9/(-36)?
13
Let i be (-3 - -4)/(-1) + 2. List the prime factors of -2 + 15 - (i - 0).
2, 3
Suppose -4*z = -2*r + 26, -r + 7 = 3*r + z. Suppose -5*q = -5, 58 = 5*d + r*q - 130. What are the prime factors of d?
37
Suppose 2*d - y - 59 = -0*y, 5 = y. Suppose -12*a = -17*a + 20. Suppose -d = -a*h - 4. List the prime factors of h.
7
Let x(r) = 21*r + 16*r - 1 - 25*r. Let l(a) = -a**2 + 6*a - 4. Let q be l(5). What are the prime factors of x(q)?
11
Let x = -22 - -47. What are the prime factors of x?
5
Let q(v) = v + 3. Let m(s) = -s - 2. Let n(j) = -6*m(j) - 5*q(j). Let g be n(4). List the prime factors of 3/g*(-1)/(-1).
3
Suppose -4*r = 4*b - 24, -3*b - r = -6 - 4. Let a be b/18*3*237. Suppose -5*x + 0*o + a = 3*o, 0 = -5*x - o + 83. What are the prime factors of x?
17
Suppose t - 108 = -3*b, -8*t + 4*t - 58 = -2*b. What are the prime factors of b?
5, 7
Suppose 3*g = 12 - 30. Let l be 13 - g/(-3) - -3. Suppose 4*s = -2*d + l, 5*d - s - 4 = 42. List the prime factors of d.
3
List the prime factors of (350/20)/(2/12).
3, 5, 7
Suppose 45*t = 47*t - 52. List the prime factors of t.
2, 13
Let z = -7 - -5. Let s be z/(3 - 15/6). Let c = s + 11. What are the prime factors of c?
7
Let x = 30 - 19. Let a = x + -8. List the prime factors of a.
3
Let y(i) = 99*i**2 + 3*i - 2. List the prime factors of y(1).
2, 5
Let b = -114 - -166. Suppose f + 1 = b. What are the prime factors of f?
3, 17
Let x(j) = 0 + j + 0 + 5. Let v be x(-4). List the prime factors of 5*v + 0/4.
5
Let o(y) = y**3 + 6*y**2 + 5*y - 4. Let t be o(-4). Let p = t - -1. List the prime factors of 6*(6/p + 0).
2
Let t be ((-41)/(-3))/((-5)/(-15)). Let w = t + -26. What are the prime factors of w?
3, 5
Let v = -24 + 35. Let o = v - -4. List the prime factors of o.
3, 5
Let x(s) = -9 - 7*s - s + s + 0*s. What are the prime factors of x(-7)?
2, 5
Let c(a) be the third derivative of -4*a**4/3 - 2*a**3/3 + 4*a**2. List the prime factors of c(-2).
2, 3, 5
Let y be 8/(-28) + 15/(-21). List the prime factors of (-52 + 6)*y/2.
23
Let g = 23 - 0. Suppose 3*w + 5*p - 19 = g, 2*w - 5*p = 28. What are the prime factors of w?
2, 7
Suppose -5*k = -5*y + 140, 5*y + 3*k = 4*y + 44. Let t = y + -20. List the prime factors of t.
2, 3
Let j(g) = -g**2 + 5*g + 6. Let a be j(7). Let d = a + 19. What are the prime factors of d?
11
Suppose 49*k = 43*k + 2100. List the prime factors of k.
2, 5, 7
Let o(m) = -1 + 2*m - 4*m**2 + 0*m + 5*m**2 - 4. List the prime factors of o(-5).
2, 5
Let y(q) = q + 11. Let s be y(-9). Suppose 3*i + 4 = k, -29 = -2*k - s*k - i. List the prime factors of k.
7
Suppose -2*h - 2*h - 5*u + 125 = 0, -3*h = u - 80. List the prime factors of h.
5
Let m be (3 - 6)*11/(-3). Let r(h) = -h + 17. What are the prime factors of r(m)?
2, 3
Let d(j) = -j - 8 + 10 + 0*j - 23. Let m be d(0). Let t = 31 + m. List the prime factors of t.
2, 5
Let g be (41 - 3) + (1 - -2). Suppose 6*q = 2*q + 5*b + g, 2*q = -4*b + 40. What are the prime factors of q?
2, 7
Suppose 4*k + 42 = -2*g, -4*k + 2*g + g = 27. Let a = k + 108. List the prime factors of a/6 - 6/(-4).
2, 3
Suppose 4*z - 3 = 17. Let d(l) = -z + 3*l + 4 - 1. What are the prime factors of d(2)?
2
Suppose w - 207 = -32. Suppose 0 = -3*g - 2*g + w. Suppose 10 = -3*z + r + g, 4*z - 40 = -2*r. What are the prime factors of z?
3
Let v(j) = -j**3 + 2*j**2 + 8*j + 9. List the prime factors of v(-5).
2, 3
Let a = 135 + 131. What are the prime factors of a?
2, 7, 19
Let o be -3*5/((-10)/(-4)). Let a(d) = -6*d - 8. Let u be a(o). Suppose -4*f + 32 + u = 0. List the prime factors of f.
3, 5
Let s(g) = g**2 - 4. Suppose -3*v - 9 = 0, 2*c - 4*v - 6 - 12 = 0. List the prime factors of s(c).
5
Let k be (-2 - -2)/(-2 + 1). Suppose -5*b + 75 = -k*b. What are the prime factors of b?
3, 5
Suppose -11 = -3*p - 5*u, 0 = 5*p - u - 2*u - 7. Suppose 2*g = 2*s + 2, -p*s = -4*g + 3*s - 1. List the prime factors of g*((-6)/(-9))/1.
2
Suppose 0*u + 33 = 3*u. Let c = -6 + u. List the prime factors of c.
5
What are the prime factors of (6/(-7))/(3/(1 + -190))?
2, 3
Suppose 3*y + 27 = 4*o, -3*o + 3*y + 33 = 2*o. What are the prime factors of 3/o*(65 + 1)?
3, 11
Suppose 2*z = -3*n + 8 + 18, -5*n - 5*z + 50 = 0. Suppose n*c - 141 = 3*c. What are the prime factors of c?
47
Let m = 21 + -36. What are the prime factors of (96/(-15))/(2/m)?
2, 3
Suppose y = -15 + 4. Let c be -3*(y + 0)*1. List the prime factors of (-192)/(-33) - (-6)/c.
2, 3
Suppose -9*y + 10*y = 71. List the prime factors of y.
71
Let d(l) = l**2 + 13*l + 3. List the prime factors of d(-13).
3
Let r = 6 + -4. Suppose -12 = -0*n - r*n. List the prime factors of n.
2, 3
Suppose 6*f - o - 31 = 2*f, f + 4*o - 12 = 0. Suppose 7*x + 2 = f*x. List the prime factors of x.
2
Suppose 0 = 4*i - 5*z - 6, 0*i + 3*z = -2*i - 8. Let m(c) = 12*c**2 + c + 1. List the prime factors of m(i).
2, 3
Let i(o) = -9*o - 10. Let l = -18 + 14. What are the prime factors of i(l)?
2, 13
Let h(o) = -140*o - 6. What are the prime factors of h(-1)?
2, 67
List the prime factors of (-4)/5 - (-3014)/55.
2, 3
Suppose 21 + 43 = -2*l. Let a = l + 22. What are the prime factors of a/(-3)*(-18)/(-5)?
2, 3
Let c(v) be the third derivative of v**5/60 + v**4/24 - 3*v**2. What are the prime factors of c(1)?
2
Let w(t) = 5*t - 13. What are the prime factors of w(4)?
7
Let h(r) = -r**3 - 10*r**2 + 12*r + 13. What are the prime factors of h(-11)?
2
Let u(k) = k + 2. Let q be u(-2). Let t be q - (0 - (1 + 0)). Suppose 12 - t = z. List the prime factors of z.
11
Let j be -16 - 1 - (-3 - 0). Let y = 21 + j. List the prime factors of y.
7
Suppose -7*x - 26 = -9*x. List the prime factors of x.
13
Suppose -4 = -y - 0. Suppose 0*o - y*o + 24 = 0. Let n = 15 - o. List the prime factors of n.
3
Suppose -5*k + 12 = u, -u + 2*u + k = 4. Let j = u + 21. What are the prime factors of j?
23
What are the prime factors of -3 + 2 + -2 - -17?
2, 7
Suppose -10 + 61 = 5*r - 2*s, -9 = 3*s. List the prime factors of r.
3
Suppose -4*o + 16 = -68. What are the prime factors of o?
3, 7
Suppose 0 = -o - 2*o + 12. Let u = o + -9. What are the prime factors of (2/u - 0)*-25?
2, 5
Let s(g) = g**2 - 5*g - 7. Let j be s(7). List the prime factors of 2/j - 304/(-14).
2, 11
Let r = -1 - -4. Suppose 0 = 4*t + b - 146, -2*b = -r*t - 5*b + 105. Let x = t + -18. What are 